s the tens digit of 189?
8
What is the tens digit of 3270?
7
What is the hundreds digit of 18166?
1
What is the units digit of 116022?
2
What is the units digit of 22121?
1
What is the tens digit of 7275?
7
What is the thousands digit of 1536?
1
What is the units digit of 59341?
1
What is the tens digit of 1112?
1
What is the units digit of 10412?
2
What is the units digit of 5350?
0
What is the tens digit of 2284?
8
What is the tens digit of 8008?
0
What is the hundreds digit of 23178?
1
What is the units digit of 1289?
9
What is the hundred thousands digit of 124959?
1
What is the units digit of 4795?
5
What is the units digit of 7864?
4
What is the units digit of 20938?
8
What is the ten thousands digit of 126791?
2
What is the tens digit of 105?
0
What is the ten thousands digit of 31757?
3
What is the tens digit of 1999?
9
What is the hundreds digit of 73399?
3
What is the units digit of 1051?
1
What is the thousands digit of 6822?
6
What is the tens digit of 10345?
4
What is the tens digit of 3369?
6
What is the thousands digit of 1613?
1
What is the thousands digit of 4570?
4
What is the hundreds digit of 13607?
6
What is the hundreds digit of 53042?
0
What is the ten thousands digit of 117763?
1
What is the ten thousands digit of 25790?
2
What is the tens digit of 1071?
7
What is the hundreds digit of 9210?
2
What is the units digit of 8764?
4
What is the thousands digit of 11219?
1
What is the tens digit of 1743?
4
What is the ten thousands digit of 24495?
2
What is the hundreds digit of 323?
3
What is the ten thousands digit of 12438?
1
What is the units digit of 615?
5
What is the hundreds digit of 904?
9
What is the tens digit of 3940?
4
What is the thousands digit of 11794?
1
What is the thousands digit of 3885?
3
What is the hundreds digit of 4259?
2
What is the thousands digit of 1899?
1
What is the hundreds digit of 788?
7
What is the tens digit of 613?
1
What is the units digit of 25?
5
What is the hundred thousands digit of 108947?
1
What is the units digit of 856?
6
What is the hundreds digit of 3404?
4
What is the tens digit of 17111?
1
What is the ten thousands digit of 20839?
2
What is the thousands digit of 1961?
1
What is the thousands digit of 3978?
3
What is the hundreds digit of 2762?
7
What is the thousands digit of 6055?
6
What is the hundreds digit of 3332?
3
What is the tens digit of 42542?
4
What is the thousands digit of 40509?
0
What is the hundreds digit of 5883?
8
What is the tens digit of 8870?
7
What is the ten thousands digit of 74271?
7
What is the hundreds digit of 167830?
8
What is the hundreds digit of 1338?
3
What is the tens digit of 7377?
7
What is the thousands digit of 3889?
3
What is the units digit of 744?
4
What is the hundreds digit of 8360?
3
What is the units digit of 1012?
2
What is the hundreds digit of 5248?
2
What is the hundreds digit of 1920?
9
What is the units digit of 626?
6
What is the tens digit of 1885?
8
What is the tens digit of 8587?
8
What is the hundreds digit of 14524?
5
What is the units digit of 3908?
8
What is the tens digit of 2335?
3
What is the tens digit of 207?
0
What is the tens digit of 20181?
8
What is the hundreds digit of 211?
2
What is the tens digit of 393?
9
What is the tens digit of 813?
1
What is the thousands digit of 13794?
3
What is the thousands digit of 3532?
3
What is the tens digit of 485?
8
What is the hundreds digit of 4067?
0
What is the tens digit of 72270?
7
What is the units digit of 96?
6
What is the tens digit of 4441?
4
What is the ten thousands digit of 23116?
2
What is the hundreds digit of 115450?
4
What is the thousands digit of 7409?
7
What is the units digit of 5908?
8
What is the hundreds digit of 11672?
6
What is the units digit of 1915?
5
What is the tens digit of 3736?
3
What is the hundreds digit of 5187?
1
What is the units digit of 1?
1
What is the tens digit of 7952?
5
What is the thousands digit of 4883?
4
What is the units digit of 42957?
7
What is the tens digit of 2698?
9
What is the units digit of 497?
7
What is the units digit of 21530?
0
What is the tens digit of 521?
2
What is the units digit of 767?
7
What is the hundreds digit of 389?
3
What is the tens digit of 1966?
6
What is the hundreds digit of 18980?
9
What is the hundreds digit of 420?
4
What is the hundreds digit of 563?
5
What is the units digit of 8449?
9
What is the tens digit of 429?
2
What is the thousands digit of 2693?
2
What is the ten thousands digit of 57245?
5
What is the thousands digit of 36170?
6
What is the hundreds digit of 4272?
2
What is the hundreds digit of 72407?
4
What is the hundreds digit of 565?
5
What is the hundreds digit of 1609?
6
What is the thousands digit of 13763?
3
What is the tens digit of 40190?
9
What is the units digit of 714?
4
What is the tens digit of 17981?
8
What is the tens digit of 4071?
7
What is the tens digit of 1440?
4
What is the ten thousands digit of 35492?
3
What is the units digit of 3086?
6
What is the hundreds digit of 49366?
3
What is the tens digit of 32899?
9
What is the units digit of 13383?
3
What is the tens digit of 3929?
2
What is the ten thousands digit of 29894?
2
What is the tens digit of 23490?
9
What is the hundreds digit of 38524?
5
What is the tens digit of 85349?
4
What is the thousands digit of 1550?
1
What is the thousands digit of 4919?
4
What is the thousands digit of 37898?
7
What is the hundreds digit of 675?
6
What is the ten thousands digit of 12453?
1
What is the tens digit of 3684?
8
What is the tens digit of 7822?
2
What is the hundreds digit of 5578?
5
What is the tens digit of 2166?
6
What is the tens digit of 6623?
2
What is the hundreds digit of 105187?
1
What is the units digit of 5214?
4
What is the units digit of 438?
8
What is the units digit of 25903?
3
What is the tens digit of 26798?
9
What is the units digit of 17035?
5
What is the hundreds digit of 2677?
6
What is the thousands digit of 9945?
9
What is the tens digit of 1531?
3
What is the tens digit of 343?
4
What is the tens digit of 635?
3
What is the ten thousands digit of 13275?
1
What is the hundreds digit of 1131?
1
What is the hundred thousands digit of 132147?
1
What is the tens digit of 17360?
6
What is the hundreds digit of 5760?
7
What is the thousands digit of 3740?
3
What is the units digit of 67?
7
What is the units digit of 2454?
4
What is the hundreds digit of 481?
4
What is the hundreds digit of 839?
8
What is the hundreds digit of 530?
5
What is the hundreds digit of 32917?
9
What is the thousands digit of 41343?
1
What is the thousands digit of 2193?
2
What is the tens digit of 958?
5
What is the tens digit of 19994?
9
What is the tens digit of 1501?
0
What is the tens digit of 40314?
1
What is the ten thousands digit of 75957?
7
What is the hundreds digit of 1568?
5
What is the thousands digit of 22642?
2
What is the hundreds digit of 1910?
9
What is the tens digit of 2892?
9
What is the tens digit of 2107?
0
What is the hundreds digit of 21497?
4
What is the tens digit of 683?
8
What is the hundreds digit of 1880?
8
What is the hundreds digit of 5843?
8
What is the tens digit of 639?
3
What is the tens digit of 72630?
3
What is the hundreds digit of 1153?
1
What is the hundreds digit of 6496?
4
What is the tens digit of 13035?
3
What is the hundreds digit of 9163?
1
What is the tens digit of 2598?
9
What is the thousands digit of 3151?
3
What is the thousands digit of 1942?
1
What is the ten thousands digit of 43347?
4
What is the thousands digit of 3446?
3
What is the tens digit of 1159?
5
What is the tens digit of 2298?
9
What is the units digit of 39095?
5
What is the tens digit of 8298?
9
What is the thousands digit of 1364?
1
What is the thousands digit of 3490?
3
What is the tens digit of 11148?
4
What is the units digit of 624?
4
What is the tens digit of 13155?
5
What is the units digit of 674?
4
What is the hundreds digit of 17017?
0
What is the hundreds digit of 27981?
9
What is the tens digit of 3887?
8
What is the hundreds digit of 124171?
1
What is the thousands digit of 90512?
0
What is the tens digit of 2857?
5
What is the units digit of 9555?
5
What is the hundreds digit of 5502?
5
What is the ten thousands digit of 11722?
1
What is the thousands digit of 1401?
1
What is 